 Let q = g + -4. What is the units digit of q?
7
Let d = 423 - 302. What is the units digit of d?
1
Suppose -2*h + 11 = -h. Suppose 0 = 3*x - 116 + h. What is the units digit of x?
5
Suppose -q - 3*s - 70 = -306, -4*q + 914 = 2*s. What is the units digit of q?
7
Suppose 3*k = -4*o - 10, 0 = 3*k - 2*k + o + 3. Let j(c) = -2*c - 2. Let h be j(k). Suppose r - 12 = -h*r. What is the units digit of r?
4
Let c(v) = -v**3 + 7*v**2 - 5*v - 4. Let g be c(5). Suppose g*n = 16*n + 40. What is the units digit of n?
8
Let q = -326 + 457. What is the units digit of q?
1
Suppose 23 = -3*d + 2*d + 2*u, -2*u = -5*d - 83. Let o = 6 - d. What is the tens digit of o?
2
What is the tens digit of (-428)/(-12) - 2/(-6)?
3
Let y = 0 - -3. Let m = y - -10. What is the units digit of m?
3
Suppose z + 3*z + 3 = -v, 6 = -5*z - 2*v. Let l = z + 6. What is the units digit of l?
6
Suppose 5*m + 133 = 573. What is the tens digit of m?
8
Suppose -5 + 1 = q. Let a be q/(-6) - (-2)/(-3). What is the units digit of 1/(-2)*(a - 12)?
6
Let y(v) = v**2 - 2*v - 3. Let o be y(-2). Suppose -55 = -0*p - o*p. What is the tens digit of p?
1
Let r = -115 + 289. What is the units digit of r?
4
Let b be 2*1/2*8. Suppose 4*u - 75 = -n, -4*u - b*n + 4*n + 84 = 0. What is the units digit of u?
8
Let d = -20 - -52. What is the tens digit of d?
3
Suppose 0 = -4*r + 7*r - 42. What is the units digit of r?
4
Suppose -3*k + 93 = -3*t, 0*k + 2*t = 3*k - 88. What is the tens digit of k?
2
Let p be -1 + 0 - (-24 + 2). Suppose -3 = -a + 5*g, -a - 4*g = -9 - p. Let l = -9 + a. What is the units digit of l?
9
Let s = -479 - -767. What is the hundreds digit of s?
2
Let t be 2*(0 + (-3)/2). Let j = t - -3. Suppose h + 10 = 2*g, h + 14 = 3*g - j*h. What is the units digit of g?
4
Suppose 0 = 6*s - 7*s + 68. What is the units digit of s?
8
Let v(f) = -f**2 + 11*f - 6. Suppose 30 - 6 = 3*l. Let o be v(l). Let z = o + -7. What is the units digit of z?
1
Suppose 4*z + 6 = 26. Suppose -3*y = -7 - z. Suppose y*k + 0*k + 20 = 5*f, 14 = 3*f - 2*k. What is the units digit of f?
8
Suppose t - 2*t = 2. Suppose -6*u + 9 = -3*u. What is the units digit of (u/(-6))/(t/4)?
1
Suppose 16 = 4*d - 2*d. Let u = 17 - d. What is the units digit of u?
9
Let o(p) be the third derivative of -p**6/120 + p**4/6 + p**3/2 + 3*p**2. Suppose -3*s - 5*c + 1 + 8 = 0, -2*s = 4*c - 8. What is the units digit of o(s)?
3
Let t(j) = j**2 - j - 4. Let q be t(0). Let h(g) = -2*g**2 - 5*g - 2. Let k be h(q). Let r = k - -21. What is the units digit of r?
7
Suppose -725 = -4*i + 5*a, 2*i = 3*i - 5*a - 200. Suppose -i + 37 = -3*d. What is the tens digit of d?
4
Let a(y) = -y**2 + 6*y + 5. Let c be a(6). Let f be 0*(-4 + (7 - 2)). Suppose f = c*t - 16 + 1. What is the units digit of t?
3
Let l(n) = n**3 - 6*n**2 + 5*n + 5. Suppose -4*y + o = -4*o - 13, 4*o = -5*y + 6. Suppose -3*h + 40 = 7*f - y*f, -f = -2*h + 5. What is the units digit of l(f)?
5
Let w(q) = 109*q**2 + q - 1. What is the tens digit of w(1)?
0
Let l(y) be the third derivative of 17*y**4/24 + y**3/6 + 3*y**2. Let h be l(-1). Let z = -9 - h. What is the units digit of z?
7
Let d(i) = -i + 10. Let r be d(14). What is the units digit of (r/6)/((-4)/18)?
3
Let i be 20/6 - (-9)/(-27). Suppose -o + 5 = 3*m - 22, 0 = 2*m - i*o - 18. What is the units digit of m?
9
Suppose -3*c = -7 + 1. Suppose c*f = 6*f - 376. Suppose -f + 22 = -4*i. What is the tens digit of i?
1
Suppose -2*s + 3*s - 2*k + 9 = 0, 6 = s + k. Let f be ((-1)/(-2))/(s/4). Let v(j) = -j**3 + 4*j**2 - 2*j + 2. What is the units digit of v(f)?
6
Let z be ((-5)/(-2))/(1/(-2)). Let f(s) = -s**3 - 3*s**2 + 4*s - 5. What is the tens digit of f(z)?
2
Let x(w) = -w**3 + w**2 + w + 4. Let d be x(0). Suppose d*y + 22 = 6*y. Let v = y + -7. What is the units digit of v?
4
What is the units digit of (0 - 1/1) + 48?
7
Suppose -4*c + 0*c = -108. What is the units digit of c?
7
Suppose -6*h + 10 = -4*h. What is the units digit of h?
5
Let y(d) = d**3 - 4*d**2 + 10. What is the units digit of y(6)?
2
Let b be -4*4/4 - -2. What is the tens digit of (-100)/(2*b) + -2?
2
Let d(n) = n - 5*n + 5*n + 0*n + n**2. What is the units digit of d(-3)?
6
Let m = 389 + -194. What is the tens digit of m?
9
What is the units digit of 238/12 + 3/18?
0
Suppose 2*u = 47 + 313. What is the hundreds digit of u?
1
Let o(h) be the first derivative of h**4/4 + 7*h**3/3 - 5*h**2 + 1. Let x be o(-8). Suppose 5*k = -6 + x. What is the units digit of k?
2
Suppose 0 = 4*u + 6*y - 4*y - 12, -u = 2*y - 6. Let g(b) = 10*b - 2. What is the tens digit of g(u)?
1
Let i be 2/6 + 2/(-6). Let v be 6/2 - 1 - -3. Suppose 4*q - v - 11 = i. What is the units digit of q?
4
Let l(v) = v**3 + 5*v**2 - 6*v + 1. Let y be l(-6). What is the units digit of 18/(-4)*-2*y?
9
Let a(w) = w**3 - 1. Let r be a(1). Suppose 4*g = -14 + 2, r = -5*b - 5*g + 75. What is the units digit of b?
8
Let c(i) = -4*i**3 + i**2 - 3*i - 2. Let s be c(-2). Suppose 3*t - s = -2*t. What is the units digit of t?
8
Let g(v) = -v**3 - 4*v**2 + 4*v - 3. Let a be g(-5). Suppose -2*i - 3 + 9 = 0. Suppose -i*q - 2*p = -16, -7*p + a*p - 5 = 0. What is the units digit of q?
6
Let j be 4 + 0/3 + -1. Let n be (1*-3)/(-3)*j. What is the units digit of 16/n + 2/3?
6
Suppose -5*i = -5*g + 15, g + i + 11 = 4*g. Suppose -o - g*o = -20. What is the units digit of o?
4
Let n = 22 - 20. Suppose -3*d = 2*o - 37, -5 = -n*o + 3*d + 14. What is the units digit of o?
4
Suppose -5*f + 35 = 3*r + 2*r, -3*r = -4*f - 28. Let h be 3/(-12) - (-74)/r. What is the units digit of ((-24)/h)/((-1)/3)?
8
Suppose 14*b - 584 = 12*b. What is the tens digit of b?
9
Suppose -3*n + 10 = 2*n. Suppose 4*j = -4*v + 68, -n*v - v = -4*j - 65. What is the units digit of v?
9
Let v be (-3)/(-4)*2*2. Suppose -9 = -m - 5*f, 4*m - v*f + 2*f - 15 = 0. What is the units digit of m?
4
Let x = 16 - 30. Let p = -4 - x. What is the units digit of p?
0
Suppose 3*s = 4*o - 179, -54 = -5*o - 5*s + 126. Suppose 11 = -2*d + o. What is the units digit of d?
5
Suppose -v = -0*v - 7. Let u = 0 + v. What is the units digit of u?
7
Let h be 2/8 - (-3)/(-12). Let t = 1 - h. What is the units digit of t?
1
Let g be 31/11 + 10/55. Suppose 0 = g*p - 3 - 0. What is the units digit of p?
1
Let t be (1 - 4)/((-6)/(-4)). What is the units digit of 306/12*t/(-3)?
7
Let u(l) = l**3 - 5*l**2 - 2*l + 2. Let v be u(4). Let x(w) = w**2 + 11*w + 2. Let h be x(-9). Let q = h - v. What is the units digit of q?
6
Let r be 0/(-3) - (-5 - -2). Let z(i) = i**2 - 6*i + 5. Let k be z(5). Suppose u - 13 = 5*w, r*u - 2*w - 26 = -k*w. What is the units digit of u?
8
Suppose 336 = 5*j - j. What is the units digit of j?
4
Suppose -3*o - 36 = t - 6*t, -3*t + 4*o = -26. What is the tens digit of ((-385)/(-33))/(2/t)?
3
Let c = -126 - -178. What is the units digit of c?
2
Suppose 5*j - 415 = 5*p, 5 = -4*j - j. Let t = -41 - p. What is the tens digit of t?
4
Let z(r) = -r + 6. Let n be z(6). Let u be 0 + (1 - n) + 1. Suppose 18 = -u*x + 4*x + 3*k, -5*x - 2*k + 45 = 0. What is the units digit of x?
9
Let d(b) = 3*b + 16. What is the tens digit of d(4)?
2
Let q be (2 - (7 - 0))/(-1). Let o = 16 - 4. Let g = o - q. What is the units digit of g?
7
Let t = -7 - -11. Let o = 9 - t. What is the units digit of o?
5
Let i be 28/6 + 4/12. Suppose -3*r = -i - 1. Suppose -11 = -r*h - 3. What is the units digit of h?
4
Suppose 37 = 2*f + 5*r, f = -f - 3*r + 39. Suppose 4*y - 7 = f. What is the units digit of y?
7
Suppose -2*t + 3*d - 85 = 0, -8*t - 5*d - 115 = -4*t. Let k = 49 + t. What is the tens digit of k?
1
Suppose 0 = -5*u - 6 + 21. Suppose 2*s = 5*x + 14, 2*s = u*x + 3 + 11. What is the units digit of s?
7
Suppose -5*i = 57 + 178. Let s = -23 - i. What is the tens digit of s?
2
Let q(z) be the third derivative of z**5/60 + z**4/24 + 5*z**3/6 - 4*z**2. What is the units digit of q(0)?
5
Let a = 24 - 57. Let t = a + 56. Let j = 38 - t. What is the tens digit of j?
1
Let m(r) = r**3 - 12*r**2 + 13*r - 6. Let a be 1*(8 + 3 - 0). What is the tens digit of m(a)?
1
Let p(b) = -b**3 + b**2 + 38. What is the tens digit of p(0)?
3
Let d = -119 - -174. Suppose -5*m - 55 - d = 0. Let h = 31 + m. What is the units digit of h?
9
Let u = 18 + -19. Let g be (6/(-4))/((-6)/(-8)). Let q = u - g. What is the units digit of q?
1
Suppos